 30 is divided by b.
12
Let x be 6/21 + 625/(-7). Let z = 189 + x. What is the remainder when 31 is divided by z/6 + (-4)/6?
15
Suppose 54 + 0 = 2*a. Suppose -17 = -4*t + a. What is the remainder when t is divided by 7?
4
Let n = 18 - 14. Calculate the remainder when 6 is divided by n.
2
Suppose -4 = -0*k - k. Suppose -i = -6*i + 5, k*y = -i + 69. What is the remainder when y is divided by 9?
8
Let f = 374 + -220. Calculate the remainder when f is divided by 13.
11
Calculate the remainder when 49 is divided by 55/(-22)*(-6)/5.
1
Let b(g) = -9*g - 106. Let l(y) be the second derivative of y**4/6 + 4*y**3/3 + 7*y**2/2 + y. What is the remainder when l(-6) is divided by b(-13)?
9
Let k(y) = -y**3 - 9*y**2 - 8*y - 9. Let u be k(-8). Let p = u + 51. Calculate the remainder when p is divided by 11.
9
Let v = 0 - 9. Let n(z) = -z**3 - 8*z**2 + 7*z - 4. Suppose -2*s - 2*s + 5*y + 185 = 0, 0 = -2*s + 4*y + 100. Calculate the remainder when s is divided by n(v).
12
Let p = -10 - -53. Calculate the remainder when p is divided by 2 - (-1 + 2 - (-154)/(-11)).
13
Let x(v) = -9*v - 1. Calculate the remainder when -49*(3/3)/(-1) is divided by x(-2).
15
Let r(u) = -7. Let c(b) = b - 21. Let j(l) = -2*c(l) + 7*r(l). What is the remainder when 17 is divided by j(-8)?
8
Let n be 16/(-12)*3/(-2). Let f be 0 - (-2)/(n/(-2)). Calculate the remainder when 23 is divided by (-1 - -8) + (-1 - f).
7
Let j = 5 - 2. Let h = 5 - j. Suppose 87 = h*y + y. What is the remainder when y is divided by 10?
9
Let x(i) = -i**3 - 9*i**2 + 10*i + 1. Let c(v) = -v**2 + 1. Let t(s) = c(s) - x(s). Suppose 2*q - 3*q = -17. What is the remainder when q is divided by t(-9)?
8
Let f = 10 - 8. Calculate the remainder when f is divided by 2.
0
Suppose -s - s + 64 = 0. Calculate the remainder when s is divided by ((-34)/6)/((-3)/9).
15
Let w(k) = 21*k - 1. Let n be w(2). Let a = -29 + n. What is the remainder when 22 is divided by a?
10
Suppose -6*w - 51 = -7*w. Let f = -29 + w. Calculate the remainder when f is divided by 6.
4
Let o = -68 + 97. Let m(w) = -6*w - 26. What is the remainder when o is divided by m(-7)?
13
Let b = 2 - -3. Suppose -130 = -b*p + 10. What is the remainder when p is divided by 10?
8
Let m = -7 + 68. Calculate the remainder when m is divided by 9.
7
Let w = 4 - 0. Calculate the remainder when 5 is divided by (-45)/(-10)*w/6.
2
Suppose -2*d + 3*u + 14 = 0, 5*d - 2*d - 3*u - 18 = 0. Suppose 2*s - 5*l = 122, 5*s - 5*l - 66 = d*s. What is the remainder when s is divided by 19?
18
Let g(b) = b - 4. Let t be g(5). Let y = t - 1. Let j = y - -23. Calculate the remainder when 44 is divided by j.
21
Suppose -s = 3*u + 3 - 29, -4*u = 3*s - 83. Calculate the remainder when 56 is divided by s.
27
Let r(l) be the third derivative of -l**6/120 + 7*l**5/60 + 3*l**4/8 - 2*l**3/3 + 6*l**2. Calculate the remainder when r(7) is divided by 15.
14
Suppose 4*t - 5*f = -2 - 14, 5*t - 4*f = -29. Calculate the remainder when (10/(-3))/((-2)/6) is divided by (18/(-10))/(t/30).
4
Let t(o) = -o**2 - 15*o + 23. Let q(u) = -13*u - 1. What is the remainder when t(-15) is divided by q(-1)?
11
Let t = -21 - -39. What is the remainder when 69 is divided by t?
15
Let l = 5 + -9. Let u(k) = -5*k. Let d be u(-1). Calculate the remainder when 4*l/d*-20 is divided by 22.
20
Suppose 0 = -5*f, 24 = 4*n + 3*f - 4*f. Let v = 65 + -48. What is the remainder when v is divided by n?
5
Suppose 2*u - 15 = 17. What is the remainder when u is divided by 5?
1
What is the remainder when (-32)/(-12)*(-366)/(-8) is divided by 31?
29
Calculate the remainder when 18 is divided by (-1 - -2)/(11/44).
2
Suppose 19*q - 1355 - 1381 = 0. What is the remainder when q is divided by 29?
28
Let t(p) be the second derivative of p**4/2 + p**3/3 + p**2 + 3*p. What is the remainder when 43 is divided by t(-2)?
21
Let z = -40 - -93. Let h = 76 - z. Calculate the remainder when h is divided by 5.
3
Suppose -4*q - 3 = 5*w - 2, 5*w = -q - 4. What is the remainder when 2 is divided by q?
0
Let k(y) = y**2 - 9*y + 3. Let f be k(8). Let r = -3 - f. Calculate the remainder when 2 is divided by (-1)/(-4)*(r - -2).
0
Let j(i) = i**2 + 4*i + 5. Let v(q) = -q + 14. Let x be v(14). Calculate the remainder when (19/(-1))/(x - 1) is divided by j(-5).
9
Let j = -106 - -149. What is the remainder when j is divided by 11?
10
Let n = -31 - -36. Let a = 64 + -46. Calculate the remainder when a is divided by n.
3
Let j(y) = -y**2 - 3*y + 5. Let l be j(7). Let q = -41 - l. What is the remainder when q is divided by 9?
6
Let w(m) = -m**3 + 6*m**2 - 2*m + 1. Suppose 0 = 2*a - 2 - 14. What is the remainder when w(3) is divided by a?
6
Suppose -s = -w - 2*s + 2, -12 = -5*w - 3*s. Calculate the remainder when 12 is divided by (w - 4) + 4*2.
5
Suppose 4*v - 2 = -14. Calculate the remainder when 10 is divided by -3 + 0 + v + 9.
1
Let a = -16 - -69. Calculate the remainder when a is divided by 14.
11
Suppose -88 = 6*q - 10*q. Calculate the remainder when 87 is divided by q.
21
Calculate the remainder when (-9)/3 + 112/2 is divided by 18.
17
Calculate the remainder when 69 is divided by (-27)/(((-84)/8)/7).
15
Calculate the remainder when 58 is divided by (-2)/((-188)/60 - -3).
13
Let l(n) = -n**2 - 5*n - 4. Let p be l(-3). Let b = -37 + 33. Let t = p - b. Calculate the remainder when t is divided by 3.
0
What is the remainder when 17 is divided by 20/14*(-35)/(-10)?
2
Suppose 1 + 1 = 2*x, 4*x = 2*j - 4. Calculate the remainder when j is divided by 2.
0
Let t be 0 - (-3 + -1)*1. What is the remainder when 64 is divided by (t/(-6))/((-1)/33)?
20
Suppose 4*n - 10 = -n. Suppose -3*c - n = -5. Suppose -2*w - j - 2 = -3*j, -2*w + 5*j - 11 = 0. Calculate the remainder when w is divided by c.
0
Suppose -5*a + 5*u + 33 = -27, 66 = 5*a + u. Suppose -5*h + 108 + 7 = 0. Calculate the remainder when h is divided by a.
10
Suppose -5*d + 2*h = -37, -5 = -d - 0*h + h. Calculate the remainder when d is divided by 3.
0
Suppose -8*a = -4*a - 56. Calculate the remainder when 54 is divided by a.
12
Let d = 18 - 15. What is the remainder when (-59)/(3/(d + -6)) is divided by 31?
28
Let i(d) = -d**3 - 8*d**2 + 7*d + 9. Suppose -24 = 4*o + 12. What is the remainder when i(o) is divided by 15?
12
Let w = 1 + 5. Suppose 64 + w = 5*o. What is the remainder when 41 is divided by o?
13
Suppose -6*s = -s - 80. Calculate the remainder when 47 is divided by s.
15
Let s(k) = -3*k**3 - k**2 - 3*k - 3. What is the remainder when s(-2) is divided by 8?
7
What is the remainder when 53 - (-3 + 5 + -3) is divided by 1/(1/14 - 0)?
12
Suppose 7*p + 10 = 9*p. Suppose -p*g + 200 = -0*g. Calculate the remainder when g is divided by 14.
12
Let y = 13 + -8. Suppose y*q + 4*g = 104, q + q - 41 = -g. What is the remainder when q is divided by 7?
6
Let o be (-36)/162 - (-670)/18. Suppose 472 = 5*v + p, 0 = -3*p - p + 8. Let y = v - o. What is the remainder when y is divided by 15?
12
Suppose -g = o - 133, 4*o + 100 = 4*g - 416. Calculate the remainder when g is divided by 45.
41
Suppose -7 + 30 = r. What is the remainder when (10/(-4))/(2 + (-74)/36) is divided by r?
22
Suppose -417 - 79 = 4*u - 4*k, u + 148 = -5*k. Let d = -76 - u. Suppose 4*g - d = -4*m - 0*m, 4*m - 49 = -g. What is the remainder when 34 is divided by m?
10
Let a(p) = -p**2 + 12*p - 6. Calculate the remainder when a(5) is divided by 8.
5
Let v(q) = -q + 4. Let f be v(-3). Suppose 2*r = f*r - 25. Suppose j + 5*w = 7, 4*j + w - 11 = -2. What is the remainder when r is divided by j?
1
Suppose -2*k + 2*x = -10, 2*k + 6 = 3*x + 18. Suppose 0 = 4*m - 4*t - 184, 4*m - k*m = 4*t + 61. Calculate the remainder when m is divided by 14.
13
Suppose -4*m + 8*m - 8 = 0. Suppose -m*c + 138 - 48 = 0. Calculate the remainder when c is divided by 12.
9
Suppose 11 = 5*n - 9. Suppose 2*o - 32 = -4*x, n*o - 1 = -17. Suppose f - 3 = 0, 3*f + 2*f - 23 = -2*h. Calculate the remainder when x is divided by h.
2
Let t = -11 - -14. Suppose t*w + 5*p - 32 = 0, 0 = w - 2*w + p + 16. What is the remainder when 26 is divided by w?
12
Suppose 0 = -4*z + 15 + 5. Suppose 4*a = 3*x - x + 86, z*x = a - 8. What is the remainder when a is divided by 12?
11
Let v = -15 - -22. Let o = 8 + v. Suppose -2*s + 5*q - 87 = -6*s, -3*s - 5*q = -59. What is the remainder when s is divided by 